
2
What is the tens digit of 644?
4
What is the thousands digit of 12314?
2
What is the hundreds digit of 7609?
6
What is the tens digit of 1332?
3
What is the ten thousands digit of 21931?
2
What is the thousands digit of 1224?
1
What is the tens digit of 768?
6
What is the thousands digit of 2187?
2
What is the units digit of 129?
9
What is the units digit of 2564?
4
What is the hundreds digit of 656?
6
What is the hundreds digit of 9463?
4
What is the thousands digit of 30856?
0
What is the thousands digit of 46612?
6
What is the thousands digit of 121869?
1
What is the thousands digit of 18587?
8
What is the hundreds digit of 5409?
4
What is the hundreds digit of 12360?
3
What is the units digit of 4879?
9
What is the units digit of 53955?
5
What is the hundreds digit of 1841?
8
What is the units digit of 416?
6
What is the thousands digit of 2933?
2
What is the tens digit of 436?
3
What is the units digit of 520?
0
What is the units digit of 1048?
8
What is the hundreds digit of 5047?
0
What is the thousands digit of 2491?
2
What is the thousands digit of 50563?
0
What is the tens digit of 1149?
4
What is the ten thousands digit of 10539?
1
What is the tens digit of 59748?
4
What is the hundred thousands digit of 110613?
1
What is the ten thousands digit of 96620?
9
What is the hundreds digit of 1882?
8
What is the tens digit of 686?
8
What is the tens digit of 31363?
6
What is the tens digit of 47?
4
What is the thousands digit of 28343?
8
What is the tens digit of 16237?
3
What is the units digit of 70338?
8
What is the hundreds digit of 622?
6
What is the hundreds digit of 2153?
1
What is the tens digit of 7230?
3
What is the tens digit of 19560?
6
What is the thousands digit of 38653?
8
What is the thousands digit of 28533?
8
What is the hundreds digit of 1826?
8
What is the hundreds digit of 45017?
0
What is the hundreds digit of 4593?
5
What is the hundreds digit of 49684?
6
What is the ten thousands digit of 17760?
1
What is the hundreds digit of 105854?
8
What is the thousands digit of 74582?
4
What is the units digit of 15666?
6
What is the tens digit of 498?
9
What is the tens digit of 4310?
1
What is the thousands digit of 85492?
5
What is the hundreds digit of 31057?
0
What is the ten thousands digit of 18259?
1
What is the hundreds digit of 478?
4
What is the units digit of 813?
3
What is the units digit of 54832?
2
What is the tens digit of 361?
6
What is the tens digit of 25?
2
What is the units digit of 1821?
1
What is the units digit of 34?
4
What is the thousands digit of 19466?
9
What is the units digit of 4171?
1
What is the units digit of 1465?
5
What is the hundreds digit of 39495?
4
What is the thousands digit of 5062?
5
What is the hundreds digit of 8303?
3
What is the thousands digit of 2600?
2
What is the hundreds digit of 936?
9
What is the tens digit of 998?
9
What is the tens digit of 1090?
9
What is the units digit of 13392?
2
What is the thousands digit of 50941?
0
What is the tens digit of 54344?
4
What is the hundreds digit of 4521?
5
What is the tens digit of 711?
1
What is the hundreds digit of 6059?
0
What is the tens digit of 7979?
7
What is the thousands digit of 37947?
7
What is the hundreds digit of 195?
1
What is the units digit of 2973?
3
What is the hundreds digit of 197?
1
What is the units digit of 799?
9
What is the units digit of 19004?
4
What is the hundreds digit of 33430?
4
What is the hundreds digit of 41995?
9
What is the tens digit of 2517?
1
What is the units digit of 44292?
2
What is the thousands digit of 11718?
1
What is the hundred thousands digit of 111670?
1
What is the hundreds digit of 1231?
2
What is the hundreds digit of 23705?
7
What is the units digit of 12716?
6
What is the hundreds digit of 1602?
6
What is the hundreds digit of 3979?
9
What is the units digit of 4079?
9
What is the ten thousands digit of 107523?
0
What is the thousands digit of 9900?
9
What is the hundreds digit of 19996?
9
What is the thousands digit of 3120?
3
What is the thousands digit of 98974?
8
What is the units digit of 94194?
4
What is the hundreds digit of 45790?
7
What is the units digit of 2402?
2
What is the thousands digit of 16073?
6
What is the tens digit of 7371?
7
What is the hundreds digit of 948?
9
What is the ten thousands digit of 65528?
6
What is the hundreds digit of 8563?
5
What is the hundreds digit of 25126?
1
What is the units digit of 3633?
3
What is the units digit of 4494?
4
What is the units digit of 977?
7
What is the units digit of 219?
9
What is the tens digit of 12993?
9
What is the units digit of 15006?
6
What is the tens digit of 1896?
9
What is the thousands digit of 1850?
1
What is the ten thousands digit of 15755?
1
What is the ten thousands digit of 55666?
5
What is the tens digit of 52797?
9
What is the thousands digit of 6132?
6
What is the units digit of 5517?
7
What is the tens digit of 5628?
2
What is the hundreds digit of 4423?
4
What is the tens digit of 11778?
7
What is the tens digit of 584?
8
What is the units digit of 1014?
4
What is the tens digit of 7059?
5
What is the units digit of 10179?
9
What is the thousands digit of 35837?
5
What is the thousands digit of 3377?
3
What is the units digit of 1461?
1
What is the tens digit of 502?
0
What is the hundreds digit of 935?
9
What is the hundreds digit of 2003?
0
What is the units digit of 74446?
6
What is the tens digit of 600?
0
What is the tens digit of 4787?
8
What is the tens digit of 4358?
5
What is the hundreds digit of 3703?
7
What is the units digit of 1973?
3
What is the tens digit of 2089?
8
What is the hundreds digit of 1095?
0
What is the tens digit of 64706?
0
What is the units digit of 57634?
4
What is the ten thousands digit of 33843?
3
What is the hundreds digit of 836?
8
What is the thousands digit of 17050?
7
What is the tens digit of 30095?
9
What is the ten thousands digit of 31752?
3
What is the hundreds digit of 892?
8
What is the ten thousands digit of 40842?
4
What is the units digit of 45392?
2
What is the thousands digit of 94062?
4
What is the ten thousands digit of 10427?
1
What is the tens digit of 13249?
4
What is the hundreds digit of 1168?
1
What is the tens digit of 3384?
8
What is the hundreds digit of 19836?
8
What is the units digit of 2764?
4
What is the thousands digit of 58217?
8
What is the thousands digit of 4413?
4
What is the units digit of 128846?
6
What is the units digit of 4641?
1
What is the tens digit of 1016?
1
What is the hundreds digit of 1202?
2
What is the thousands digit of 5058?
5
What is the hundreds digit of 1112?
1
What is the units digit of 2877?
7
What is the thousands digit of 2198?
2
What is the tens digit of 1933?
3
What is the units digit of 1006?
6
What is the units digit of 3?
3
What is the hundreds digit of 38485?
4
What is the tens digit of 6521?
2
What is the tens digit of 23357?
5
What is the tens digit of 745?
4
What is the hundreds digit of 46162?
1
What is the tens digit of 410?
1
What is the hundreds digit of 313?
3
What is the tens digit of 10360?
6
What is the hundreds digit of 11902?
9
What is the ten thousands digit of 42284?
4
What is the hundreds digit of 5811?
8
What is the hundreds digit of 2778?
7
What is the ten thousands digit of 16016?
1
What is the units digit of 2945?
5
What is the units digit of 39697?
7
What is the tens digit of 3794?
9
What is the tens digit of 5270?
7
What is the hundreds digit of 13558?
5
What is the hundreds digit of 207?
2
What is the tens digit of 14681?
8
What is the hundreds digit of 669?
6
What is the tens digit of 1481?
8
What is the tens digit of 9529?
2
What is the hundreds digit of 1046?
0
What is the ten thousands digit of 40893?
4
What is the tens digit of 1463?
6
What is the ten thousands digit of 46136?
4
What is the units digit of 407?
7
What is the units digit of 999?
9
What is the thousands digit of 18486?
8
What is the hundreds digit of 400?
4
What is the tens digit of 31852?
5
What is the units digit of 77263?
3
What is the tens digit of 7937?
3
What is the hundreds digit of 25131?
1
What is the units digit of 348?
8
What is the units digit of 9?
9
What is the tens digit of 20541?
4
What is the units digit of 616?
6
What is the units digit of 1379?
9
What is the tens dig